 is divided by 67?
61
What is the remainder when 95 is divided by 15?
5
Calculate the remainder when 111 is divided by 32.
15
Calculate the remainder when 890 is divided by 148.
2
What is the remainder when 373 is divided by 178?
17
What is the remainder when 413 is divided by 85?
73
What is the remainder when 666 is divided by 23?
22
Calculate the remainder when 276 is divided by 30.
6
What is the remainder when 383 is divided by 3?
2
Calculate the remainder when 2071 is divided by 3.
1
What is the remainder when 178 is divided by 18?
16
What is the remainder when 476 is divided by 172?
132
Calculate the remainder when 1090 is divided by 359.
13
What is the remainder when 901 is divided by 82?
81
Calculate the remainder when 4621 is divided by 69.
67
Calculate the remainder when 253 is divided by 72.
37
What is the remainder when 58 is divided by 28?
2
What is the remainder when 43 is divided by 12?
7
What is the remainder when 430 is divided by 136?
22
Calculate the remainder when 118 is divided by 21.
13
Calculate the remainder when 3334 is divided by 104.
6
Calculate the remainder when 9 is divided by 6.
3
What is the remainder when 215 is divided by 12?
11
Calculate the remainder when 728 is divided by 34.
14
Calculate the remainder when 256 is divided by 41.
10
What is the remainder when 1432 is divided by 468?
28
What is the remainder when 215 is divided by 16?
7
What is the remainder when 314 is divided by 297?
17
What is the remainder when 757 is divided by 47?
5
Calculate the remainder when 161 is divided by 46.
23
Calculate the remainder when 397 is divided by 98.
5
Calculate the remainder when 362 is divided by 26.
24
Calculate the remainder when 1007 is divided by 48.
47
What is the remainder when 381 is divided by 24?
21
Calculate the remainder when 3987 is divided by 7.
4
What is the remainder when 181 is divided by 9?
1
What is the remainder when 402 is divided by 380?
22
Calculate the remainder when 67 is divided by 27.
13
What is the remainder when 243 is divided by 41?
38
Calculate the remainder when 474 is divided by 86.
44
Calculate the remainder when 7 is divided by 2.
1
What is the remainder when 158 is divided by 7?
4
Calculate the remainder when 210 is divided by 89.
32
What is the remainder when 268 is divided by 61?
24
What is the remainder when 335 is divided by 68?
63
What is the remainder when 482 is divided by 118?
10
What is the remainder when 184 is divided by 49?
37
Calculate the remainder when 857 is divided by 20.
17
What is the remainder when 45 is divided by 25?
20
What is the remainder when 489 is divided by 21?
6
What is the remainder when 474 is divided by 153?
15
Calculate the remainder when 310 is divided by 113.
84
What is the remainder when 12821 is divided by 22?
17
What is the remainder when 423 is divided by 110?
93
Calculate the remainder when 532 is divided by 26.
12
Calculate the remainder when 121 is divided by 42.
37
Calculate the remainder when 673 is divided by 53.
37
What is the remainder when 223 is divided by 15?
13
Calculate the remainder when 142 is divided by 8.
6
What is the remainder when 27843 is divided by 234?
231
Calculate the remainder when 335 is divided by 8.
7
Calculate the remainder when 221 is divided by 19.
12
Calculate the remainder when 421 is divided by 63.
43
Calculate the remainder when 100 is divided by 39.
22
What is the remainder when 52 is divided by 29?
23
What is the remainder when 751 is divided by 16?
15
Calculate the remainder when 1212 is divided by 135.
132
Calculate the remainder when 92 is divided by 46.
0
Calculate the remainder when 66 is divided by 10.
6
What is the remainder when 39 is divided by 19?
1
Calculate the remainder when 3362 is divided by 116.
114
What is the remainder when 49 is divided by 28?
21
Calculate the remainder when 2034 is divided by 1014.
6
Calculate the remainder when 219 is divided by 89.
41
Calculate the remainder when 325 is divided by 62.
15
Calculate the remainder when 484 is divided by 413.
71
What is the remainder when 3034 is divided by 304?
298
What is the remainder when 188 is divided by 19?
17
Calculate the remainder when 223 is divided by 25.
23
What is the remainder when 2507 is divided by 17?
8
What is the remainder when 221 is divided by 54?
5
What is the remainder when 958 is divided by 165?
133
Calculate the remainder when 230 is divided by 223.
7
What is the remainder when 277 is divided by 96?
85
Calculate the remainder when 3336 is divided by 71.
70
Calculate the remainder when 625 is divided by 617.
8
What is the remainder when 484 is divided by 1?
0
Calculate the remainder when 17489 is divided by 66.
65
What is the remainder when 348 is divided by 7?
5
Calculate the remainder when 90 is divided by 82.
8
Calculate the remainder when 117 is divided by 33.
18
Calculate the remainder when 976 is divided by 120.
16
Calculate the remainder when 164 is divided by 44.
32
What is the remainder when 810 is divided by 96?
42
What is the remainder when 4002 is divided by 15?
12
What is the remainder when 625 is divided by 34?
13
What is the remainder when 722 is divided by 28?
22
Calculate the remainder when 989 is divided by 18.
17
What is the remainder when 14865 is divided by 84?
81
Calculate the remainder when 383 is divided by 120.
23
Calculate the remainder when 778 is divided by 78.
76
What is the remainder when 6963 is divided by 54?
51
Calculate the remainder when 300 is divided by 150.
0
What is the remainder when 1923 is divided by 25?
23
What is the remainder when 734 is divided by 233?
35
What is the remainder when 1308 is divided by 7?
6
What is the remainder when 581 is divided by 93?
23
Calculate the remainder when 177 is divided by 25.
2
Calculate the remainder when 465 is divided by 46.
5
What is the remainder when 526 is divided by 263?
0
Calculate the remainder when 1374 is divided by 15.
9
Calculate the remainder when 468 is divided by 62.
34
Calculate the remainder when 80 is divided by 29.
22
What is the remainder when 109 is divided by 51?
7
What is the remainder when 1018 is divided by 5?
3
Calculate the remainder when 90 is divided by 4.
2
Calculate the remainder when 422 is divided by 47.
46
What is the remainder when 14363 is divided by 38?
37
Calculate the remainder when 839 is divided by 24.
23
What is the remainder when 168 is divided by 29?
23
Calculate the remainder when 180 is divided by 46.
42
What is the remainder when 544 is divided by 109?
108
Calculate the remainder when 70 is divided by 36.
34
What is the remainder when 56671 is divided by 8?
7
What is the remainder when 1284 is divided by 9?
6
What is the remainder when 117 is divided by 15?
12
What is the remainder when 30 is divided by 8?
6
What is the remainder when 47 is divided by 7?
5
Calculate the remainder when 281 is divided by 28.
1
What is the remainder when 303 is divided by 3?
0
What is the remainder when 18301 is divided by 7?
3
Calculate the remainder when 389 is divided by 81.
65
What is the remainder when 306 is divided by 130?
46
Calculate the remainder when 65 is divided by 23.
19
What is the remainder when 4566 is divided by 48?
6
Calculate the remainder when 2711 is divided by 78.
59
What is the remainder when 27 is divided by 21?
6
What is the remainder when 2691 is divided by 8?
3
What is the remainder when 3495 is divided by 32?
7
Calculate the remainder when 393 is divided by 3.
0
Calculate the remainder when 177 is divided by 46.
39
Calculate the remainder when 7201 is divided by 22.
7
Calculate the remainder when 243 is divided by 13.
9
Calculate the remainder when 1983 is divided by 26.
7
Calculate the remainder when 639 is divided by 3.
0
What is the remainder when 345 is divided by 12?
9
What is the remainder when 572 is divided by 5?
2
Calculate the remainder when 502 is divided by 85.
77
What is the remainder when 1208 is divided by 32?
24
What is the remainder when 5727 is divided by 16?
15
What is the remainder when 6763 is divided by 178?
177
What is the remainder when 609 is divided by 145?
29
What is the remainder when 1783 is divided by 56?
47
Calculate the remainder when 447 is divided by 145.
12
Calculate the remainder when 843 is divided by 107.
94
Calculate the remainder when 39